en 551572 is divided by 13119?
574
Calculate the remainder when 104719838 is divided by 4.
2
What is the remainder when 13343201 is divided by 1457?
1452
Calculate the remainder when 785594 is divided by 1682.
100
What is the remainder when 1254299 is divided by 313048?
2107
What is the remainder when 3043721 is divided by 1417?
5
Calculate the remainder when 1031745 is divided by 437.
425
Calculate the remainder when 183029 is divided by 404.
17
Calculate the remainder when 36192904 is divided by 18096397.
110
What is the remainder when 3416434 is divided by 3416415?
19
What is the remainder when 14940 is divided by 237?
9
Calculate the remainder when 4341398 is divided by 6236.
1142
Calculate the remainder when 750776 is divided by 60.
56
What is the remainder when 9374548 is divided by 1217?
1214
What is the remainder when 1855464 is divided by 8138?
0
Calculate the remainder when 48922 is divided by 439.
193
What is the remainder when 123563 is divided by 6?
5
What is the remainder when 9130041 is divided by 265?
261
What is the remainder when 2745354 is divided by 15?
9
What is the remainder when 880339 is divided by 2432?
2387
Calculate the remainder when 52153573 is divided by 30517.
20
Calculate the remainder when 50387 is divided by 2419.
2007
Calculate the remainder when 684411415 is divided by 3234.
3229
Calculate the remainder when 21131607 is divided by 9342.
3
What is the remainder when 6090004 is divided by 818?
812
Calculate the remainder when 47616590 is divided by 171901.
13
What is the remainder when 20499098 is divided by 49?
46
Calculate the remainder when 1384796 is divided by 1844.
1796
Calculate the remainder when 802922366 is divided by 2432.
2430
What is the remainder when 156254 is divided by 8737?
7725
Calculate the remainder when 5072534 is divided by 887.
668
What is the remainder when 47295 is divided by 1234?
403
What is the remainder when 114122 is divided by 121?
19
Calculate the remainder when 523536 is divided by 87255.
6
Calculate the remainder when 46821833 is divided by 37.
35
Calculate the remainder when 8206201 is divided by 4386.
4381
What is the remainder when 2092699 is divided by 1522?
1471
What is the remainder when 1540880 is divided by 2256?
32
What is the remainder when 675257 is divided by 12056?
121
Calculate the remainder when 4311055 is divided by 114.
31
Calculate the remainder when 196109110 is divided by 1283.
1277
Calculate the remainder when 5779597 is divided by 522.
13
What is the remainder when 6720936 is divided by 84?
12
Calculate the remainder when 13548228 is divided by 261.
240
What is the remainder when 13290865 is divided by 56317?
53
Calculate the remainder when 149481502 is divided by 12.
10
What is the remainder when 7893338 is divided by 6695?
6628
What is the remainder when 26648521 is divided by 26648516?
5
What is the remainder when 11315335 is divided by 793?
18
Calculate the remainder when 13008539 is divided by 89714.
9
What is the remainder when 376941039 is divided by 112?
111
Calculate the remainder when 1050316 is divided by 6248.
652
Calculate the remainder when 4664321 is divided by 122743.
87
What is the remainder when 211227 is divided by 3300?
27
Calculate the remainder when 31961390 is divided by 603045.
5
Calculate the remainder when 675489 is divided by 337730.
29
What is the remainder when 17536963 is divided by 2192114?
51
Calculate the remainder when 10563594 is divided by 6594.
6
What is the remainder when 167910 is divided by 55869?
303
Calculate the remainder when 3118566 is divided by 346473.
309
Calculate the remainder when 12142255 is divided by 112.
111
Calculate the remainder when 377328 is divided by 4439.
13
Calculate the remainder when 180183 is divided by 1166.
619
What is the remainder when 913844 is divided by 303669?
2837
Calculate the remainder when 22666 is divided by 140.
126
Calculate the remainder when 61139 is divided by 30311.
517
What is the remainder when 4622752 is divided by 5?
2
What is the remainder when 806524 is divided by 128?
124
Calculate the remainder when 19247221 is divided by 241.
238
Calculate the remainder when 66369259 is divided by 186.
181
What is the remainder when 14596723 is divided by 448?
435
Calculate the remainder when 241900 is divided by 53.
8
What is the remainder when 44006496 is divided by 11001624?
0
Calculate the remainder when 65133 is divided by 397.
25
Calculate the remainder when 339819 is divided by 1020.
159
Calculate the remainder when 2379416 is divided by 3801.
3791
What is the remainder when 149269 is divided by 338?
211
Calculate the remainder when 6850581 is divided by 100.
81
What is the remainder when 477979 is divided by 6126?
151
Calculate the remainder when 2360253 is divided by 3220.
3213
Calculate the remainder when 3614010 is divided by 640.
570
Calculate the remainder when 68896849 is divided by 3971.
3970
What is the remainder when 180415877 is divided by 2505776?
5
What is the remainder when 259404 is divided by 484?
464
What is the remainder when 62578 is divided by 704?
626
What is the remainder when 18729 is divided by 3288?
2289
Calculate the remainder when 39229 is divided by 1123.
1047
Calculate the remainder when 52866 is divided by 17291.
993
Calculate the remainder when 16188629 is divided by 2698100.
29
Calculate the remainder when 295340 is divided by 1430.
760
Calculate the remainder when 167456123 is divided by 56.
51
What is the remainder when 6076718 is divided by 1549?
1540
What is the remainder when 6198776 is divided by 140881?
12
What is the remainder when 313456 is divided by 229?
184
What is the remainder when 2290149 is divided by 208082?
1247
What is the remainder when 8289688 is divided by 1381600?
88
Calculate the remainder when 12307253 is divided by 6166.
6083
Calculate the remainder when 19686049 is divided by 6561925.
274
What is the remainder when 410791 is divided by 263?
248
What is the remainder when 776077 is divided by 32?
13
What is the remainder when 312628 is divided by 78154?
12
Calculate the remainder when 2206155 is divided by 2507.
2502
What is the remainder when 490003 is divided by 970?
153
Calculate the remainder when 281140 is divided by 48.
4
Calculate the remainder when 74224 is divided by 2241.
271
Calculate the remainder when 26153416 is divided by 57480.
16
Calculate the remainder when 907392620 is divided by 2238.
2234
Calculate the remainder when 400651120 is divided by 188.
184
Calculate the remainder when 2935489 is divided by 2607.
7
What is the remainder when 665378 is divided by 949?
129
What is the remainder when 1562923 is divided by 120207?
232
What is the remainder when 975354 is divided by 75?
54
What is the remainder when 4565995 is divided by 456591?
85
Calculate the remainder when 6104507 is divided by 2188.
2175
Calculate the remainder when 5018895 is divided by 2968.
7
Calculate the remainder when 80391 is divided by 88.
47
Calculate the remainder when 14838257 is divided by 7.
0
Calculate the remainder when 5032586 is divided by 31.
15
What is the remainder when 13806273 is divided by 22?
19
What is the remainder when 2069763 is divided by 149?
4
What is the remainder when 382140 is divided by 32?
28
What is the remainder when 129411 is divided by 55?
51
What is the remainder when 587601 is divided by 79?
78
Calculate the remainder when 26803830 is divided by 3829114.
32
What is the remainder when 26150 is divided by 10055?
6040
Calculate the remainder when 225088 is divided by 453.
400
What is the remainder when 60701241 is divided by 85979?
67
Calculate the remainder when 11617 is divided by 2359.
2181
Calculate the remainder when 50439 is divided by 348.
327
What is the remainder when 52708478 is divided by 13?
4
What is the remainder when 12226451 is divided by 115?
111
Calculate the remainder when 2416666 is divided by 289.
48
Calculate the remainder when 41044 is divided by 13590.
274
Calculate the remainder when 28318297 is divided by 161.
7
What is the remainder when 32960 is divided by 16406?
148
Calculate the remainder when 97563583 is divided by 8178.
43
Calculate the remainder when 5266743 is divided by 9.
6
What is the remainder when 9732272 is divided by 324409?
2
Calculate the remainder 